3205 prime?
False
Is 166925147 prime?
False
Is 390460663 a prime number?
False
Is 46041940883 a composite number?
False
Is 403179271 a composite number?
True
Is 9949876527 a prime number?
False
Is 140563754557 prime?
False
Is 107256169105 prime?
False
Is 17590857227 a prime number?
True
Is 5310395869 composite?
True
Is 11783798203 a composite number?
True
Is 29032536749 a prime number?
True
Is 23344741 composite?
True
Is 30231133823 composite?
True
Is 187992933 a prime number?
False
Is 918003629 a composite number?
True
Is 403147781 prime?
True
Is 78705269 composite?
True
Is 115033539119 composite?
True
Is 37089828763 prime?
False
Is 4257830801 prime?
False
Is 491405249 a composite number?
True
Is 18461553821 a composite number?
True
Is 1017339403 a composite number?
False
Is 992445973 composite?
False
Is 23354682641 prime?
True
Is 7326504641 a prime number?
True
Is 28685413639 a prime number?
False
Is 5609005939 a composite number?
True
Is 5135114779 a composite number?
True
Is 138994763 composite?
True
Is 3766645009 composite?
True
Is 630406927 prime?
False
Is 325670977 a composite number?
False
Is 2279262215 a prime number?
False
Is 16952541505 a composite number?
True
Is 3905340101 a composite number?
True
Is 1329690197 a composite number?
True
Is 213910659481 a prime number?
True
Is 2371638107 a composite number?
False
Is 18794734451 a composite number?
True
Is 71862796529 a prime number?
True
Is 1117190537 a prime number?
True
Is 227687017 a prime number?
True
Is 91649959 a composite number?
False
Is 9520505987 a composite number?
False
Is 12038758973 composite?
False
Is 16161390479 prime?
False
Is 493161481 a prime number?
True
Is 172825933513 composite?
False
Is 6439670711 a composite number?
False
Is 2365031149 composite?
True
Is 6001319749 composite?
False
Is 7364404679 a composite number?
True
Is 3481430039 prime?
False
Is 1730650937 a composite number?
True
Is 184458437 a composite number?
True
Is 2790938179 prime?
False
Is 970925971 a composite number?
True
Is 77346661451 a prime number?
True
Is 676997803 prime?
False
Is 11036389421 a prime number?
True
Is 1783104707 a prime number?
True
Is 943946507 composite?
True
Is 8026319729 a composite number?
True
Is 25244118359 a composite number?
False
Is 81289133369 a prime number?
False
Is 1159164157 a composite number?
True
Is 4257207089 prime?
False
Is 744874357 a composite number?
False
Is 989039041 prime?
False
Is 1149426017 a composite number?
True
Is 448249849 composite?
False
Is 347658183659 a composite number?
False
Is 5156889721 prime?
False
Is 345632026 prime?
False
Is 110143849 composite?
True
Is 8222170993 a prime number?
True
Is 7494783299 prime?
True
Is 38566527521 composite?
False
Is 600154853 composite?
False
Is 26277488827 a composite number?
True
Is 2043881843 a composite number?
True
Is 8533316147 prime?
False
Is 8737950361 a prime number?
False
Is 2296928737 prime?
False
Is 15081762643 a composite number?
False
Is 26406922907 a prime number?
False
Is 31788290833 composite?
True
Is 42767355179 a prime number?
True
Is 5542372867 prime?
True
Is 226679837 prime?
True
Is 46539629 composite?
False
Is 3818700239 composite?
True
Is 69579997117 composite?
True
Is 7461442853 a composite number?
False
Is 62479238581 composite?
False
Is 92755621463 prime?
True
Is 554602999 a prime number?
False
Is 3200885861 prime?
True
Is 1461388381 a composite number?
True
Is 513865663 prime?
True
Is 1240809571 a prime number?
True
Is 243208664189 composite?
True
Is 947183117 prime?
False
Is 11314338769 a prime number?
True
Is 3082133449 composite?
False
Is 10951517659 a composite number?
False
Is 4436382073 composite?
False
Is 8110252393 composite?
False
Is 1860544613 composite?
False
Is 257156467 a prime number?
False
Is 1100613013 composite?
True
Is 1619066611 composite?
True
Is 21299771541 a prime number?
False
Is 18560171239 a composite number?
True
Is 108344725133 composite?
False
Is 60173512951 composite?
False
Is 19020244489 a composite number?
True
Is 100934681051 composite?
True
Is 753318182 composite?
True
Is 2238259 a prime number?
True
Is 2856333803 prime?
False
Is 631678349 a prime number?
False
Is 54029911489 a composite number?
False
Is 627327821 a prime number?
False
Is 3744215627 composite?
True
Is 133805029 a prime number?
False
Is 5073446047 a prime number?
False
Is 1588548902 composite?
True
Is 14859986 composite?
True
Is 3414718823 a composite number?
False
Is 570212501 a composite number?
True
Is 10177653853 a prime number?
True
Is 8515832153 prime?
False
Is 4488316351 a prime number?
True
Is 4300340203 a composite number?
True
Is 121551906401 composite?
False
Is 10333981591 a composite number?
False
Is 14331150737 a prime number?
True
Is 914653373 a composite number?
False
Is 775604069 a prime number?
True
Is 167354916761 prime?
True
Is 113502117515 a composite number?
True
Is 68162128799 prime?
True
Is 216804145429 prime?
False
Is 14085348443 a prime number?
False
Is 300708691 a composite number?
False
Is 2185827649 composite?
True
Is 324205237 a prime number?
True
Is 4737115211 composite?
False
Is 1117007107 a composite number?
True
Is 2599296727 a prime number?
True
Is 73393979 prime?
False
Is 4180755791 a composite number?
False
Is 7636827131 a composite number?
True
Is 521505647 a composite number?
True
Is 54944807 a prime number?
True
Is 196209271 a prime number?
True
Is 27233390111 a composite number?
False
Is 219047 prime?
False
Is 15309154661 composite?
False
Is 944190101 prime?
True
Is 974968361 prime?
False
Is 26035582645 prime?
False
Is 3863361557 a composite number?
True
Is 263513279 a composite number?
False
Is 21838766461 a composite number?
False
Is 44976861299 a composite number?
False
Is 18681914395 composite?
True
Is 5153838803 a prime number?
False
Is 4084353239 prime?
False
Is 185559863 composite?
True
Is 880018463 a composite number?
False
Is 788636047 composite?
False
Is 5354452079 a composite number?
False
Is 1473662147 a prime number?
False
Is 4657054603 composite?
True
Is 584811813 a composite number?
True
Is 39482092633 prime?
True
Is 20546852731 prime?
False
Is 416854342 a composite number?
True
Is 9145908038 prime?
False
Is 2582559307 a prime number?
True
Is 8280775091 composite?
True
Is 5051627407 composite?
True
Is 52305557 a prime number?
True
Is 35794892483 composite?
True
Is 123617023 a composite number?
True
Is 25747456673 a composite number?
False
Is 29396461153 prime?
True
Is 2634685247 a composite number?
True
Is 4026885853 a composite number?
False
Is 5255197633 a prime number?
False
Is 4615190623 a composite number?
False
Is 118109582021 composite?
False
Is 94189301 composite?
True
Is 1286694806 prime?
False
Is 86169139 composite?
True
Is 344401067 prime?
True
Is 127158047957 prime?
True
Is 11537297089 prime?
False
Is 257970815 a composite number?
True
Is 6963532553 composite?
False
Is 6541923929 prime?
False
Is 9001174423 a composite number?
False
Is 2029606873 a prime number?
False
Is 465513709 a prime number?
False
Is 12704511581 composite?
False
Is 1611500909 a composite number?
True
Is 29393611753 composite?
True
Is 3205079905 a composite number?
True
Is 101488397 prime?
False
Is 48812229177 a prime number?
False
Is 23459822471 composite?
False
Is 145013621 prime?
False
Is 1199879939 composite?
True
Is 6885535283 prime?
False
Is 26492461339 prime?
False
Is 97967687 a composite number?
False
Is 25842435935 composite?
True
Is 6342837923 prime?
False
Is 1262893673 composite?
True
Is 312675191 a prime number?
False
Is 8706024731 a prime number?
True
Is 165355731581 composite?
False
Is 4310452021 a composite number?
True
Is 1647157583 a composite number?
True
Is 1776861283 a composite number?
False
Is 56655585533 prime?
False
Is 171304560967 a composite number?
False
Is 248372354431 prime?
False
Is 5341827823 a prime number?
True
Is 1279022611 prime?
False
Is 23020123849 prime?
True
Is 1092590951 prime?
True
Is 25319027507 prime?
True
Is 549239219 a prime number?
True
Is 1728618539 prime?
True
Is 17239286333 a composite number?
False
Is 37041445117 composite?
True
Is 11301488603 a composite number?
False
Is 18151893559 prime?
True
Is 70698016771 a prime number?
False
Is 2396312591 composite?
False
Is 13211114083 prime?
True
I